o + 4 = -2*d + 17. Let g = -74 + 53. Calculate the remainder when 59 is divided by (o - -2)*g - 1.
19
Let l(v) = -2*v**2 - 16*v - 10. Let y(p) = p**2 + 8*p + 5. Let c(k) = -6*l(k) - 13*y(k). What is the remainder when c(-5) is divided by 6?
4
Suppose 3*k = -3*x + 72, 0*k + 2*k + x - 53 = 0. Calculate the remainder when k is divided by 6.
5
Suppose -z - 7 = -2*z. Let f(m) = m**2 - 9*m + 16. Let c = 3 + 3. What is the remainder when c is divided by f(z)?
0
Let a(d) = d**2 + 1. Let m be a(1). Suppose -m*p + 28 = l, 2*p = -5*l + 7*p + 110. Calculate the remainder when 46 is divided by l.
22
What is the remainder when 94 + (-13 + 17 - (1 - -3)) is divided by 33?
28
Suppose -5*i + 4 = 5*c - 61, 4*i = 5*c - 110. What is the remainder when c is divided by 10?
8
Suppose 7*c = 3*c + 16, h - 64 = 2*c. Calculate the remainder when h is divided by 19.
15
Suppose -4*f - 15 = -k + 10, -4*f + 80 = 4*k. Calculate the remainder when 62 is divided by k.
20
Suppose d - 48 = -3*d. Suppose 3*q - q = -16. Let h = q + d. What is the remainder when 9 is divided by h?
1
Let z(q) = -q**3 - 6*q**2 - 6*q + 1. What is the remainder when 20 is divided by z(-5)?
2
Let y(n) = -2 + 2*n - 3 + n**2 - 3. Let b = -23 - -17. What is the remainder when y(b) is divided by 9?
7
Let t(r) = 8*r + 6. What is the remainder when t(5) is divided by 13?
7
Let k be (116/(-6) - 4)*-3. Suppose -k = -4*b + 22. What is the remainder when b is divided by 13?
10
Let n = -3 - -13. Suppose -o + 9 + 4 = 0. What is the remainder when o is divided by (-99)/(-15) + 4/n?
6
Suppose 0*v + 2*v - 34 = 0. Let q = v - -7. Suppose g + 50 = 4*k, 25 + 18 = 3*k + 2*g. Calculate the remainder when q is divided by k.
11
Let a(i) = -4*i + 3. Let d = 84 + -41. Calculate the remainder when d is divided by a(-3).
13
Let w(m) = -45*m. Let z be w(-1). Calculate the remainder when 20 is divided by 5/(-20) + z/4.
9
Let d = 16 - 10. Calculate the remainder when ((-171)/(-6))/(d/8) is divided by 13.
12
Suppose 5*z = -25, -4*u - z = u - 315. What is the remainder when u is divided by 22?
20
Suppose i - 4*x + 8 = 0, -2*i = 2*i - 4*x - 4. Suppose u = 13 - i. What is the remainder when 26 is divided by u?
8
Let h(j) = j**3 + j**2 + 2*j - 3. Suppose v = 5*v - 32. Suppose -4*p = 3*c - 81, -v = -4*p - 4*c + 68. What is the remainder when p is divided by h(2)?
11
Suppose -4*v + 293 = -179. What is the remainder when v is divided by 20?
18
Let j(x) = x**2 + 2*x - 4. Let p be j(-6). Let i be ((-3)/(-5))/(2/p). Let d(s) = s**3 - 6*s**2 - s + 7. What is the remainder when 1 is divided by d(i)?
0
Suppose 2*o = -1 + 15. Calculate the remainder when 18 - (0 - 0/(-2)) is divided by o.
4
What is the remainder when (-2)/5 + (-17)/(-5) is divided by 0/(-1) - (2 + 0)*-1?
1
Suppose 5*g = d - 5*d + 8, -3*d + g + 6 = 0. Let h = d - -3. Suppose h*v - 15 = 0, n - 213 = -3*n + v. What is the remainder when n is divided by 14?
12
Suppose 0*q + 5*q = -2*p - 144, -2*q - 8 = 0. Calculate the remainder when p/(-7 + 2 + 3) is divided by 11.
9
Suppose 4*l + 42 = 6*l. Calculate the remainder when 81 is divided by l.
18
Let l(g) = -g - 11. Let p be l(-13). Let q = p + 15. Calculate the remainder when 50 is divided by q.
16
Suppose 0 = 5*s + 2*m + 10, 4*m + 6 = -3*s - 0*m. What is the remainder when 40 is divided by -1 - (s + 0 + -20)?
19
Calculate the remainder when 28 is divided by (-10)/((-1)/(6/4)).
13
Let u(f) = 5*f - 3. Let z be u(5). Let p = z + -1. What is the remainder when p is divided by 11?
10
Let z = -14 + 16. Suppose v - 4*v = -15. What is the remainder when v is divided by z?
1
Suppose 2*m - 48 = m. Calculate the remainder when m is divided by 17.
14
Let y = -2 - -2. Suppose -2*c + 7*c + 10 = y. Let j = c + 5. What is the remainder when 5 is divided by j?
2
Let y(f) = -34*f. Suppose 5*k + 4 + 1 = 0. Calculate the remainder when y(k) is divided by (0 - (-18)/(-4))*-4.
16
Suppose 2*k + 5*r - 8 = 0, 5*k + 4*r - 28 = k. Let y(x) = -x + 24. What is the remainder when y(0) is divided by k?
6
What is the remainder when 43 is divided by (-6 + 3)/(2/(-10))?
13
Let x = -5 - -4. Let i be 3/6 + 17/2. Let k = x + i. What is the remainder when k is divided by 5?
3
What is the remainder when 120/8 - (-5)/(20/(-12)) is divided by 9?
3
Suppose 37 = 3*v - 2*v. Suppose v + 26 = 3*o. Calculate the remainder when o is divided by 11.
10
Let p(v) = v**3 - 6*v**2 + 4*v + 4. Let b be p(5). Let j be ((2*b)/2)/(-1). Suppose -j - 17 = -3*u. Calculate the remainder when 11 is divided by u.
5
Let g = -19 + 32. Calculate the remainder when g is divided by (-50)/(-8) + 9/12.
6
Let b(l) = -5*l - l**2 + 3 - l + 0*l. Let x be b(-6). Suppose x*s = -s + 36. What is the remainder when 26 is divided by s?
8
What is the remainder when ((-3)/(-6))/((-2)/((-444)/3)) is divided by 28?
9
Let b = 48 - 24. Suppose -w - b = -z, 12 = z + 3*w + 2*w. Calculate the remainder when 86 is divided by z.
20
Let i(y) = -y**3 - 6*y**2 - 5*y. Let v be i(-5). Suppose v = p + 5*r - 9, -2*p + 9 = -p + 2*r. What is the remainder when p is divided by 5?
4
Suppose 2*n = 5*n. Suppose n*m - 72 = -4*m. Calculate the remainder when m is divided by 7.
4
Suppose 4*i - 3*d = 11, 3*i + d = -2*d + 24. Let p = 3 - -5. What is the remainder when p is divided by i?
3
Suppose 12 - 36 = -4*o. Suppose g + 2 = -5*k - o, -4*g - 4*k + 48 = 0. What is the remainder when 32 is divided by g?
15
Suppose 4*o = -5*n + 10, 4*o = -0*o - 4*n + 12. Suppose -2*t - 11 = 4*q - q, -o = 5*q. Calculate the remainder when 4 is divided by (-16)/(-7) + t/14.
0
Let u(k) = -k**2 + 3*k. Let c be u(2). Suppose -4 - 6 = -c*z. Suppose -2*r = -z*n - 15, -5*n + 0*n = -25. Calculate the remainder when r is divided by 11.
9
Let v(f) = 2*f**2 + 0 - 3 + 4 - 3. Let k be v(2). Suppose -p + 7 = -k. What is the remainder when 24 is divided by p?
11
Suppose 5*q - 54 - 86 = 0. Suppose 3*n + 3 = -42. Let r = n + 25. What is the remainder when q is divided by r?
8
Let o(m) be the second derivative of -m**5/20 - 5*m**4/6 - 11*m**3/6 - 5*m**2 - 4*m. What is the remainder when 22 is divided by o(-9)?
6
Let n(d) = 19*d**2 + 3*d - 1. What is the remainder when 201/5 - 1/5 is divided by n(1)?
19
Let h be 3/3*(3 - -1). Suppose 4*g = 12, 8*r - 3*g - 143 = h*r. What is the remainder when r is divided by 10?
8
Let b(j) = j**3 + 17*j**2 + 15*j. Let l = 49 - 2. Calculate the remainder when l is divided by b(-16).
15
Let j(h) = -h + 38. Calculate the remainder when j(19) is divided by 1/(-3) - (-31)/3.
9
Suppose -10 + 2 = 4*j, 5*v - 42 = j. Calculate the remainder when 29 is divided by v.
5
Suppose 4*a + 76 = b + 9, 365 = 5*b - 5*a. Calculate the remainder when b is divided by 19.
18
Suppose -78 = -u - 5*h, 2*u + 0*h + 3*h = 121. Calculate the remainder when u is divided by 14.
11
Let i = -2 + 5. Calculate the remainder when (4/(-6))/(2/(-24)) is divided by i.
2
Suppose -o + 42 + 3 = -5*v, 2*v = 2*o - 66. What is the remainder when 100 is divided by o?
10
Let r = -11 + 14. Suppose -4 = j, -2*s + 20 - 2 = -r*j. What is the remainder when s is divided by 2?
1
Let f = 79 - -91. Calculate the remainder when f is divided by 58.
54
Let a = -8 - -10. What is the remainder when 28 is divided by a/8 - 156/(-16)?
8
Let r = 0 + 11. Suppose 0 - r = -l. What is the remainder when l is divided by 6?
5
Let l(d) = d**2 - 9*d - 9. Calculate the remainder when 51 is divided by l(11).
12
Suppose u = -q - q + 93, 0 = -q + u + 42. Suppose -4*c - c = -q. Calculate the remainder when c is divided by 6.
3
Let r = -23 - -33. Suppose 119 = 3*v + 4*d - 27, 4*v - 4*d - 148 = 0. What is the remainder when v*(-2)/(-3) - 0 is divided by r?
8
Suppose 34 = 5*d - 106. What is the remainder when d is divided by 15?
13
Let h(k) = k**2 + k. Suppose 0 = -m + 1 + 2. Suppose m*u - 18 = 30. Calculate the remainder when h(-6) is divided by u.
14
Let g = -14 - -17. Let r = g - -17. Let v = -84 - -122. What is the remainder when v is divided by r?
18
Let t = -1 + 10. What is the remainder when 25 is divided by t?
7
Calculate the remainder when 205 is divided by 8/12 + 308/6.
49
Let i(h) = -8*h**3 - h**2 + 4*h + 3. What is the remainder when i(-2) is divided by (15 - -4)*(0 - -1)?
17
Let q = 1 + 1. Suppose -23 - 34 = 3*l. Let a = 22 + l. Calculate the remainder when a is divided by q.
1
Suppose 50 - 14 = 4*p. Suppose -